1260 (base 11) in base 15?
744
-2053 (base 6) to base 13
-29a
What is -1000011000 (base 2) in base 5?
-4121
Convert -50645 (base 7) to base 15.
-39c2
Convert -17e2 (base 15) to base 2.
-1010000101010
What is -24120 (base 7) in base 15?
-1cac
-44210 (base 6) to base 16
-17ee
-270a (base 11) to base 6
-24143
What is 9865 (base 12) in base 5?
1014111
What is 8c09 (base 15) in base 9?
44670
3322 (base 4) to base 5
2000
What is 5454 (base 7) in base 5?
30300
Convert -1062 (base 8) to base 3.
-202211
What is -444341 (base 5) in base 8?
-36354
Convert 97bd (base 14) to base 16.
667b
What is 1544 (base 6) in base 8?
650
Convert -b7 (base 16) to base 6.
-503
-443 (base 9) to base 3
-111110
-34055 (base 6) to base 8
-11263
-1604 (base 8) to base 9
-1210
Convert -13569 (base 14) to base 6.
-1004533
Convert -5dad (base 15) to base 9.
-30341
-210010 (base 3) to base 2
-1000111010
Convert -1073 (base 9) to base 8.
-1433
-100122222 (base 3) to base 10
-7046
100011100011100 (base 2) to base 8
43434
-205a5 (base 13) to base 7
-331252
Convert 128 (base 16) to base 15.
14b
Convert 121032 (base 9) to base 12.
36255
Convert 21111 (base 3) to base 2.
11001010
Convert 1322032 (base 5) to base 8.
63625
What is 1080 (base 16) in base 11?
31a0
Convert -3020130 (base 4) to base 3.
-122121010
What is 11073 (base 11) in base 6?
202152
Convert 125133 (base 7) to base 12.
11659
Convert 12111130 (base 4) to base 7.
135436
-1b0 (base 15) to base 7
-1065
Convert -6123 (base 9) to base 8.
-10574
What is 10020222 (base 3) in base 8?
4507
Convert 1475 (base 8) to base 9.
1121
Convert -8 (base 16) to base 11.
-8
Convert -498 (base 10) to base 15.
-233
31322 (base 6) to base 9
5715
What is -3a7 (base 15) in base 5?
-11312
What is 25b (base 13) in base 3?
120100
What is 14811 (base 11) in base 15?
6315
What is 332 (base 13) in base 12?
398
What is -1502504 (base 6) in base 4?
-111002020
-2131020 (base 5) to base 3
-1211220121
What is -2b258 (base 12) in base 16?
-eda4
What is 15624 (base 7) in base 11?
3366
-13113 (base 4) to base 16
-1d7
Convert 107 (base 10) to base 9.
128
What is -1004 (base 5) in base 13?
-9c
Convert -255a (base 12) to base 2.
-1000010010110
-1224 (base 6) to base 7
-613
What is 101111211 (base 3) in base 4?
1313233
Convert 4b5b (base 16) to base 2.
100101101011011
-3323 (base 9) to base 4
-212103
Convert 3334 (base 6) to base 13.
47b
Convert 79b (base 12) to base 16.
467
Convert 10675 (base 12) to base 10.
21689
Convert 1211120112 (base 3) to base 13.
135b0
Convert -21636 (base 8) to base 3.
-110111201
What is 1937 (base 10) in base 5?
30222
2023 (base 8) to base 4
100103
-110122012 (base 3) to base 8
-21774
Convert -390 (base 14) to base 7.
-2040
Convert -113 (base 16) to base 6.
-1135
Convert 11792 (base 12) to base 11.
16799
ce7 (base 16) to base 9
4470
Convert 17051 (base 9) to base 16.
2dbe
What is 1120210 (base 3) in base 9?
1523
Convert -1508 (base 10) to base 7.
-4253
-1412 (base 6) to base 8
-560
1221 (base 7) to base 10
456
What is 13c0 (base 14) in base 8?
6654
112100 (base 3) to base 11
322
What is a14 (base 13) in base 2?
11010101011
What is 6313 (base 12) in base 4?
2220333
What is -3d9 (base 15) in base 11?
-72a
-2822 (base 11) to base 13
-1881
What is -447 (base 13) in base 5?
-10420
-225365 (base 7) to base 9
-61275
1426 (base 7) to base 6
2331
-139 (base 12) to base 13
-117
Convert -31563 (base 7) to base 6.
-100140
-1213 (base 8) to base 11
-542
46771 (base 8) to base 11
13aa7
What is 3b5 (base 12) in base 3?
210002
-5520 (base 8) to base 9
-3867
What is 37015 (base 9) in base 15?
7535
What is 6d7e (base 16) in base 10?
28030
-4240 (base 9) to base 6
-22230
Convert 1000111111111 (base 2) to base 11.
3509
What is 1103453 (base 6) in base 13?
1c1c7
What is 43343 (base 5) in base 2?
101110011101
What is 11360 (base 8) in base 15?
1683
Convert -152351 (base 6) to base 2.
-11100111101011
37150 (base 8) to base 5
1002401
What is -1000000001000 (base 2) in base 11?
-30a1
What is -100012 (base 4) in base 14?
-538
What is -165 (base 13) in base 7?
-510
9c8 (base 16) to base 3
10102202
What is -1327 (base 10) in base 11?
-aa7
Convert 736 (base 9) to base 8.
1130
Convert -2d9 (base 14) to base 15.
-28d
Convert 369 (base 14) to base 5.
10211
-11111010100 (base 2) to base 15
-8d9
What is -b92d (base 14) in base 5?
-2010424
What is -41265 (base 7) in base 15?
-2ecc
Convert -3242 (base 5) to base 12.
-313
-7b7 (base 14) to base 4
-113331
What is -11c0 (base 15) in base 14?
-1540
What is 631 (base 10) in base 2?
1001110111
Convert 128670 (base 9) to base 6.
1403400
-111111011101 (base 2) to base 9
-5512
What is -5645 (base 7) in base 8?
-3772
Convert -111111000000 (base 2) to base 7.
-14520
What is -3271 (base 9) in base 3?
-10022101
What is 10001021 (base 3) in base 13?
101b
Convert -7574 (base 10) to base 4.
-1312112
20132 (base 5) to base 15
5b2
-123323 (base 4) to base 3
-2110012
Convert 1132 (base 13) to base 8.
4547
Convert -12354 (base 6) to base 16.
-74e
What is 1101011011001 (base 2) in base 9?
10376
What is 20c9 (base 13) in base 8?
10717
2257 (base 8) to base 11
9a0
What is 210 (base 11) in base 14?
141
Convert -1c58 (base 14) to base 11.
-3984
Convert -11010011 (base 2) to base 10.
-211
What is -220144 (base 5) in base 11?
-5743
What is -8bc0 (base 13) in base 2?
-100110010000111
What is -436 (base 16) in base 6?
-4554
-521 (base 10) to base 7
-1343
What is -207d (base 14) in base 7?
-22216
Convert -28 (base 14) to base 4.
-210
Convert 377 (base 11) to base 4.
12333
What is -13273 (base 13) in base 4?
-20230000
Convert 101111110 (base 2) to base 10.
382
311 (base 12) to base 5
3240
200331 (base 5) to base 6
45205
-1211203 (base 5) to base 14
-839c
What is 4251 (base 7) in base 4?
113202
Convert -2411 (base 5) to base 3.
-111012
What is -1d4 (base 14) in base 8?
-576
What is -13332 (base 8) in base 13?
-2880
What is 11213 (base 5) in base 9?
1087
What is -686 (base 9) in base 14?
-2c4
-251332 (base 6) to base 10
-22376
Convert -bad (base 16) to base 11.
-2278
15521 (base 8) to base 3
100121000
What is -55443 (base 8) in base 12?
-11603
What is 2203 (base 6) in base 2?
111111011
What is -5093 (base 14) in base 4?
-3120121
Convert -1100111110 (base 2) to base 15.
-3a5
What is 11011001000 (base 2) in base 14?
8c0
d9 (base 14) to base 8
277
What is 188 (base 9) in base 14?
b7
What is -2a0a (base 14) in base 16?
-1d22
What is 26652 (base 11) in base 13?
14420
Convert -828 (base 11) to base 13.
-5ba
32113 (base 6) to base 5
114430
253045 (base 6) to base 14
83c1
What is -284 (base 10) in base 2?
-100011100
What is aece (base 15) in base 3?
1212212212
Convert 12424 (base 7) to base 3.
11112021
Convert 29357 (base 11) to base 9.
63157
Convert -2528 (base 10) to base 7.
-10241
What is -1332210 (base 4) in base 10?
-8100
What is -137 (base 13) in base 6?
-555
Convert 4010 (base 5) to base 11.
41a
What is 403 (base 11) in base 3?
200001
What is -141 (base 6) in base 14?
-45
Convert -62241 (base 8) to base 4.
-12102201
Convert -11002222222 (base 3) to base 9.
-132888
8969 (base 11) to base 7
46303
Convert -6b3 (base 16) to base 10.
-1715
Convert -4484 (base 9) to base 16.
-cf4
What is -1030120 (base 4) in base 10?
-4888
Convert -2100 (base 6) to base 14.
-256
Convert 370 (base 14) to base 16.
2ae
What is -1178 (base 9) in base 6?
-4025
Convert 3bf (base 16) to base 10.
959
What is 5122 (base 6) in base 5?
14010
What is 10112 (base 3) in base 9?
115
101100111100 (base 2) to base 11
2185
-32cc (base 13) to base 14
-282d
-86ae (base 15) to base 12
-14602
3472 (base 9) to base 3
10112102
What is -11100100011010 (base 2) in base 7?
-60422
Convert 1332211 (base 5) to base 16.
6a2d
635 (base 13) to base 15
4a8
What is 333235 (base 6) in base 16?
6d37
-389 (base 16) to base 11
-753
-9109 (base 10) to base 6
-110101
Convert 75372 (base 8) to base 12.
16276
112020222 (base 3) to base 13
4967
Convert -200 (base 15) to base 6.
-2030
Convert 1ce (base 15) to base 12.
2ab
-10100111101100 (base 2) to base 5
-320412
-132203 (base 4) to base 3
-2200102
Convert 11101011011001 (base 2) to base 5.
440230
What is 77076 (base 9) in base 11?
35434
What is -10133031 (base 4) in base 2?
-100011111001101
What is -10a8 (base 14) in base 4?
-231030
-403 (base 9) to base 13
-1c2
Con